site number?
True
Is 9427 composite?
True
Is 436147 a prime number?
True
Is 12689 a composite number?
False
Is 350347 a composite number?
False
Is 22189 a composite number?
False
Is 9343 composite?
False
Is 25559 a prime number?
False
Is 5759 a prime number?
False
Is 18826 composite?
True
Is 104417 a composite number?
False
Is 19697 a prime number?
True
Is 4241 prime?
True
Is 21661 a composite number?
False
Is 493195 prime?
False
Is 10495 a prime number?
False
Is 1261 a prime number?
False
Is 72859 composite?
False
Is 15073 a prime number?
True
Is 1337969 a composite number?
False
Is 515497 prime?
False
Is 8033 composite?
True
Is 7069 prime?
True
Is 324713 a composite number?
True
Is 113845 prime?
False
Is 544223 composite?
False
Is 12437 a composite number?
False
Is 62714 prime?
False
Is 5737 composite?
False
Is 357017 a prime number?
False
Is 208889 a prime number?
True
Is 6487 a composite number?
True
Is 142403 prime?
True
Is 907 prime?
True
Is 182681 prime?
True
Is 7853 a prime number?
True
Is 122921 composite?
False
Is 18407 a prime number?
False
Is 449201 a composite number?
False
Is 11279 prime?
True
Is 2270531 a prime number?
True
Is 385223 composite?
False
Is 105289 a composite number?
True
Is 8353 a composite number?
False
Is 5392937 a composite number?
True
Is 3457 a composite number?
False
Is 13781 composite?
False
Is 5897 composite?
False
Is 5562829 composite?
False
Is 4943 a prime number?
True
Is 1313 a prime number?
False
Is 8903 a composite number?
True
Is 1014085 a prime number?
False
Is 286807 a composite number?
True
Is 21179 a prime number?
True
Is 52747 composite?
False
Is 581 a prime number?
False
Is 16793 composite?
True
Is 171013 composite?
True
Is 551689 a composite number?
False
Is 6023 composite?
True
Is 787 prime?
True
Is 8813 composite?
True
Is 33 a composite number?
True
Is 922351 a composite number?
False
Is 448397 a prime number?
True
Is 15811 a composite number?
True
Is 1155989 a composite number?
True
Is 46061 a composite number?
False
Is 36433 a composite number?
False
Is 38461 a prime number?
True
Is 927961 a composite number?
False
Is 341249 a composite number?
True
Is 53479 a composite number?
False
Is 706463 a composite number?
False
Is 83717 composite?
False
Is 21363 a prime number?
False
Is 3429647 a composite number?
True
Is 15619 a prime number?
True
Is 89293 composite?
False
Is 7751 prime?
False
Is 71935 prime?
False
Is 193337 composite?
False
Is 435481 a prime number?
True
Is 2999 composite?
False
Is 5905 prime?
False
Is 818659 composite?
False
Is 1363053 composite?
True
Is 3557 prime?
True
Is 25247 composite?
False
Is 91313 composite?
True
Is 476641 a prime number?
False
Is 4379 composite?
True
Is 8147 composite?
False
Is 38966 a composite number?
True
Is 19387 composite?
False
Is 34031 a composite number?
False
Is 469717 composite?
False
Is 134893 composite?
True
Is 13997 composite?
False
Is 36323 composite?
True
Is 12181 a composite number?
True
Is 40693 composite?
False
Is 11359 prime?
False
Is 787 a prime number?
True
Is 15871 composite?
True
Is 28073 composite?
True
Is 20261 composite?
False
Is 110017 a prime number?
True
Is 7311 a composite number?
True
Is 326 prime?
False
Is 1061 composite?
False
Is 15047 composite?
True
Is 138955 prime?
False
Is 674 a composite number?
True
Is 2723 prime?
False
Is 7837 composite?
True
Is 528353 a composite number?
True
Is 127001 prime?
False
Is 7311 a composite number?
True
Is 118183 prime?
False
Is 2583237 prime?
False
Is 48361 prime?
False
Is 133153 a prime number?
True
Is 2153 a prime number?
True
Is 50849 prime?
True
Is 10903 composite?
False
Is 1585387 prime?
True
Is 113 composite?
False
Is 29269 a prime number?
True
Is 261941 prime?
False
Is 10195 prime?
False
Is 34027 composite?
True
Is 22719 composite?
True
Is 3139 composite?
True
Is 10109 a composite number?
True
Is 33313 prime?
False
Is 22271 a composite number?
False
Is 167987 a prime number?
True
Is 67679 prime?
True
Is 2791931 composite?
True
Is 46951 a composite number?
True
Is 52537 a composite number?
True
Is 12449 composite?
True
Is 10427 prime?
True
Is 18623 prime?
False
Is 2459 composite?
False
Is 58211 composite?
False
Is 4831 a composite number?
False
Is 340957 a prime number?
True
Is 1139 prime?
False
Is 8063 composite?
True
Is 7162 composite?
True
Is 13529 a composite number?
True
Is 34321 composite?
True
Is 179623 a composite number?
False
Is 15857 prime?
False
Is 22283 prime?
True
Is 17059 a prime number?
False
Is 293 a prime number?
True
Is 1213 a composite number?
False
Is 240551 a prime number?
True
Is 222559 a composite number?
True
Is 111187 prime?
True
Is 852793 composite?
False
Is 4801 a prime number?
True
Is 100603 a prime number?
False
Is 491201 a prime number?
True
Is 12003 composite?
True
Is 28081 prime?
True
Is 439 a prime number?
True
Is 1642 a prime number?
False
Is 23741 prime?
True
Is 181111 a composite number?
True
Is 290153 a composite number?
True
Is 618083 a prime number?
True
Is 230137 a prime number?
True
Is 431393 a prime number?
False
Is 131983 a composite number?
True
Is 919 a composite number?
False
Is 2537 a composite number?
True
Is 33703 a composite number?
False
Is 4559 a composite number?
True
Is 41687 prime?
True
Is 3359 prime?
True
Is 7445 prime?
False
Is 95297 a prime number?
False
Is 7241 composite?
True
Is 86417 a prime number?
False
Is 570821 a composite number?
False
Is 2728129 a composite number?
False
Is 793327 a composite number?
False
Is 18839 a prime number?
True
Is 10813 a composite number?
True
Is 52993 prime?
False
Is 6 prime?
False
Is 517277 prime?
True
Is 1433373 prime?
False
Is 16673 a composite number?
False
Is 48647 a prime number?
True
Is 212029 prime?
True
Is 2195 composite?
True
Is 2497839 prime?
False
Is 7283 prime?
True
Is 73277 prime?
True
Is 20861 prime?
False
Is 13669 composite?
False
Is 438517 a composite number?
False
Is 5227 a composite number?
False
Is 141857 a composite number?
True
Is 8331 prime?
False
Is 328033 composite?
True
Is 12893 composite?
False
Is 152951 composite?
True
Is 7669 composite?
False
Is 94795 a composite number?
True
Is 9301 a prime number?
False
Is 40769 a prime number?
False
Is 8803 a composite number?
False
Is 4871 a prime number?
True
Is 60731 prime?
False
Is 1191761 a composite number?
False
Is 537607 a composite number?
True
Is 3163 a prime number?
True
Is 365903 prime?
True
Is 1120921 a prime number?
False
Is 1715995 prime?
False
Is 16649 a prime number?
True
Is 3989 a composite number?
False
Is 103541 composite?
True
Is 37793 a prime number?
False
Is 4513 a prime number?
True
Is 512401 prime?
False
Is 22391 a prime number?
True
Is 129845 a prime number?
False
Is 10511 prime?
False
Is 243911 a prime number?
True
Is 558185 a prime number?
False
Is 11477 a prime number?
False
Is 2207831 a composite number?
False
Is 9839 a prime number?
True
Is 15563 prime?
False
Is 33141 composite?
True
Is 4741 prime?
False
Is 41279 prime?
False
Is 299581 a composite number?
True
Is 3761 prime?
True
Is 1760069 prime?
True
Is 56233 prime?
False
Is 3134 a prime number?
False
Is 18181 a prime number?
True
Is 1967 a composite number?
True
Is 897817 a composite number?
False
Is 459167 prime?
True
Is 436261 a composite number?
True
Is 297881 a prime number?
True
Is 15661 prime?
True
Is 34807 prime?
True
Is 271399 prime?
False
Is 1587197 prime?
True
Is 762779 a composite number?
False
Is 204341 a composite number?
True
Is 9511 prime?
True
Is 465259 prime?
True
Is 123674 a composite number?
True
Is 114133 composite?
True
Is 367307 composite?
False
Is 3787 prime?
False
Is 31 prime?
True
Is 12871 composite?
True
Is 135821 prime?
False
Is 1439 a prime number?
True
Is 61909 a prime number?
True
Is 527673 prime?
False
Is 260171 prime?
True
Is 29038 prime?
False
Is 8467 prime?
True
Is 13093 prime?
True
Is 16477 prime?
True
Is 74411 a composite number?
False
Is 413 prime?
False
Is 1583339 a composite number?
False
Is 2647 prime?
True
Is 51 a composite number?
True
Is 20921 prime?
True
Is 4385 a composite number?
True
Is 428563 a composite number?
False
Is 33403 a prime number?
True
Is 506551 a composite number?
False
Is 65639 composite?
True
Is 250105 a composite number?
True
Is 164011 a composite number?
False
Is 43547 